16, what is -10f44 - -246?
-10cfe
In base 3, what is -22010 - -12202100000221?
12202022201211
In base 13, what is -11907 - -92a?
-10caa
In base 2, what is 1001100100100001 - 111001?
1001100011101000
In base 15, what is 7e2198 - 3?
7e2195
In base 14, what is 2021273 + -5?
202126c
In base 12, what is -12b15 + -46b?
-13384
In base 5, what is -20420 - 343?
-21313
In base 4, what is 2023331120333 - 0?
2023331120333
In base 7, what is 2623 + 13260206?
13263132
In base 13, what is -106c - 526?
-1595
In base 6, what is 0 + -1233355154?
-1233355154
In base 11, what is -25 + -2587668?
-2587692
In base 2, what is -1000001 + 1100110110101011010?
1100110110100011001
In base 14, what is b + -4bd3bc?
-4bd3b1
In base 13, what is 17b2 + -10a5?
70a
In base 4, what is 111331001022302 + 2?
111331001022310
In base 14, what is -3b8 + -4323?
-46db
In base 13, what is -8a + -13876?
-13933
In base 10, what is -1239 - 3701?
-4940
In base 8, what is -1 + 57463754?
57463753
In base 13, what is 5 + 7ccb29?
7ccb31
In base 15, what is -5 - -2e4c5e?
2e4c59
In base 8, what is 13254 + -5741?
5313
In base 9, what is 10 + -203782?
-203772
In base 10, what is -210 + -1455339?
-1455549
In base 3, what is 0 + -20102021000100002?
-20102021000100002
In base 5, what is -11 + 10021124?
10021113
In base 9, what is 4204385 + 45?
4204441
In base 11, what is 9 - -765152a?
7651538
In base 9, what is -161654 - -107?
-161546
In base 8, what is -10365110 + 5?
-10365103
In base 3, what is -120202 + 1012220202?
1012100000
In base 4, what is 1322012021 - -11?
1322012032
In base 2, what is 101111101000101 + -1100100011011?
100011000101010
In base 5, what is 13040 + -3423321?
-3410231
In base 7, what is -62510441 - 5?
-62510446
In base 10, what is -4 - 1577919?
-1577923
In base 7, what is 1 - -5445061012?
5445061013
In base 7, what is -3441 - 606325?
-613066
In base 7, what is 155135321 - -3?
155135324
In base 2, what is 10010101110101101 - 1111110?
10010101100101111
In base 9, what is -848153374 - 2?
-848153376
In base 5, what is -4 - -1410204110?
1410204101
In base 3, what is -20 + -1222210220012?
-1222210220102
In base 9, what is -120776 + -2152?
-123038
In base 8, what is -1435 + -523157?
-524614
In base 12, what is 104a96 + -34?
104a62
In base 8, what is 45705455 - 73?
45705362
In base 13, what is -66 - -a131?
a098
In base 5, what is 24020402 + -13411?
24001441
In base 10, what is -5 - -19809533?
19809528
In base 6, what is -31031 - 1153432?
-1224503
In base 3, what is -20112021221 - 20100?
-20112112021
In base 5, what is 112 - -1442411?
1443023
In base 3, what is -1010112 + -20002000?
-21012112
In base 12, what is -135 + 43361?
43228
In base 12, what is -1a8a7 + -10637?
-2b322
In base 6, what is 3103103 + 1415?
3104522
In base 8, what is -1354 + -2604732?
-2606306
In base 5, what is 0 + 333343423?
333343423
In base 14, what is 2a9b42 + 17?
2a9b59
In base 14, what is -52 - 12bb2?
-12c24
In base 12, what is -a76a18 + 1?
-a76a17
In base 5, what is -323 + -13042324?
-13043202
In base 6, what is 1310 - 1043133?
-1041423
In base 5, what is 100104022 + 334?
100104411
In base 13, what is 150a6 + -4059?
1104a
In base 2, what is -10101000001111010000000 + -11?
-10101000001111010000011
In base 8, what is -21374125 + 6?
-21374117
In base 14, what is -2 - -20dc221?
20dc21d
In base 15, what is 1dca4a + e?
1dca59
In base 15, what is 4e + -228610?
-2285b1
In base 13, what is 27 - -c71964?
c7198b
In base 7, what is 261450 - 350?
261100
In base 13, what is -2509c + 38b?
-24a11
In base 16, what is be + -f937?
-f879
In base 11, what is 106 - -43a1?
44a7
In base 8, what is 4150332 - -13?
4150345
In base 4, what is 3201 + -320122323?
-320113122
In base 15, what is 15a - 3a?
120
In base 4, what is 23 - -102211120?
102211203
In base 16, what is 222e + -22a?
2004
In base 15, what is 12ca04 + -1dd?
12c816
In base 4, what is 13 - -2111002122?
2111002201
In base 14, what is -16 + -ac44b?
-ac463
In base 5, what is -124131103103 + -22?
-124131103130
In base 2, what is -110 + 101101101011011001?
101101101011010011
In base 5, what is -104441234 + -120?
-104441404
In base 10, what is 8666716 + -12?
8666704
In base 13, what is 497470 + 10?
497480
In base 13, what is 52 - 9c28?
-9ba6
In base 15, what is -11 + -3687ac?
-3687bd
In base 9, what is 31 + -382127?
-382086
In base 11, what is 72 - 1120064?
-111aaa2
In base 7, what is -2 - 132562520?
-132562522
In base 12, what is 131ba + -8310?
6aaa
In base 14, what is 4 - 881977?
-881973
In base 5, what is 2303131221 + 4?
2303131230
In base 8, what is -1062756 + 2753?
-1060003
In base 9, what is 5 + -218172?
-218166
In base 9, what is -15226 + -43021?
-58247
In base 9, what is -363 + 2244706?
2244333
In base 10, what is -105 - 5718069?
-5718174
In base 8, what is 2726 - 31312?
-26364
In base 15, what is -2093 - -2952?
8ae
In base 10, what is 3871755 + 5?
3871760
In base 5, what is 3 - 34133100232?
-34133100224
In base 8, what is 13 + 15426133?
15426146
In base 9, what is 5 + -11074155?
-11074150
In base 4, what is -3212 + 30001202?
23331330
In base 16, what is 60d3e4 + 3?
60d3e7
In base 14, what is -1096 + -424d?
-5305
In base 5, what is 203244433421 - 1?
203244433420
In base 5, what is -1223 + 100231?
44003
In base 13, what is 1c + c5c24?
c5c43
In base 9, what is -4 + -135385?
-135400
In base 5, what is 3 - -2120433113?
2120433121
In base 8, what is 302 - -703306?
703610
In base 13, what is 329ccb4 + 4?
329ccb8
In base 3, what is -12010 + -221201100?
-221220110
In base 12, what is a670358 + 1?
a670359
In base 2, what is 1010001 - 1111010010100010010?
-1111010010011000001
In base 2, what is -1101110110011011 - 111011111?
-1101111101111010
In base 9, what is -3 - -27504627?
27504624
In base 16, what is f0d - de94?
-cf87
In base 9, what is -5 + -108487731?
-108487736
In base 11, what is -8841 + 2913?
-5a29
In base 15, what is -ed + c4876?
c4778
In base 8, what is -65341274 - 1?
-65341275
In base 4, what is -10 - -210031022022?
210031022012
In base 8, what is 33 + -2012375?
-2012342
In base 13, what is c + 5b768?
5b777
In base 3, what is 10 - 20211001100020?
-20211001100010
In base 3, what is 111110 - 20001002200?
-20000121020
In base 10, what is 297 + 2660?
2957
In base 15, what is 1448 + -36aa?
-2262
In base 3, what is -120022120211 - 202?
-120022121120
In base 6, what is 102035 + 4124?
110203
In base 7, what is -16 + -144444403?
-144444422
In base 11, what is 17 - -169509?
169525
In base 2, what is 11000110 - 1011101001101001?
-1011100110100011
In base 16, what is -af + 1f08?
1e59
In base 2, what is -11101001110000000 - -10011000100101?
-11010110101011011
In base 6, what is 12202315131 + 12?
12202315143
In base 12, what is 48 + b2550?
b2598
In base 12, what is -9bb704 + -17?
-9bb71b
In base 10, what is -295920 - -30?
-295890
In base 3, what is -22 + 112021012111?
112021012012
In base 5, what is -2130213 - 311?
-2131024
In base 7, what is -62225 + -215?
-62443
In base 5, what is -1 - -421232324?
421232323
In base 10, what is 1135513 - 240?
1135273
In base 6, what is 220552045 + 1?
220552050
In base 15, what is 4612 - 652?
3eb0
In base 9, what is -1504513770 + 0?
-1504513770
In base 10, what is 1500779 + 130?
1500909
In base 15, what is -3 + 1404c0de?
1404c0db
In base 15, what is -2301d - -a9?
-22e64
In base 3, what is 110222 + 100100001011?
100100112010
In base 15, what is -399811 + -1?
-399812
In base 16, what is -2f73 + b0?
-2ec3
In base 16, what is -39a4f7 - 6c?
-39a563
In base 12, what is -1066b + 178a?
-aaa1
In base 4, what is -3320002 - -30103?
-3223233
In base 16, what is 101d - -6555?
7572
In base 5, what is -4322424321 + -2?
-4322424323
In base 9, what is 2202 + 166660?
168862
In base 16, what is -d080 + -1642?
-e6c2
In base 14, what is 91c3 + -236?
8d8b
In base 11, what is -22 - 108624?
-108646
In base 13, what is 2829 - 7b2?
2047
In base 8, what is 34273 - -414?
34707
In base 8, what is -36074 - 126?
-36222
In base 2, what is -10011001011000 + -1001100000?
-10100010111000
In base 13, what is 0 + -357cca29?
-357cca29
In base 15, what is -7 + -1ce4c?
-1ce54
In base 11, what is 805 - 872382?
-871678
In base 9, what is -168 - 37230?
-37408
In base 13, what is -6 + -7056cc?
-705705
In base 8, what is -15552515 - -3?
-15552512
In base 7, what is -42445 + -201?
-42646
In bas